34.130.169.225 - - [11/Jun/2026:15:09:28 +0000] "GET /sharedjs/jstz.min.js HTTP/2" 308 105 "-" "Mozilla/5.0 (X11; Linux x86_64) AppleWebKit/537.36 (KHTML, like Gecko) Chrome/124.0 Safari/537.36"
34.130.169.225 - - [11/Jun/2026:15:09:28 +0000] "GET /unprotected/json-minified.js HTTP/2" 200 843 "-" "Mozilla/5.0 (X11; Linux x86_64) AppleWebKit/537.36 (KHTML, like Gecko) Chrome/124.0 Safari/537.36"
34.130.169.225 - - [11/Jun/2026:15:09:28 +0000] "GET /sharedjs/jstz.min.js HTTP/2" 308 105 "https://cpanel.autlimited.co.uk/sharedjs/jstz.min.js" "Mozilla/5.0 (X11; Linux x86_64) AppleWebKit/537.36 (KHTML, like Gecko) Chrome/124.0 Safari/537.36"
34.130.169.225 - - [11/Jun/2026:15:09:29 +0000] "GET /sharedjs/jstz.min.js HTTP/2" 200 12493 "https://cpanel.autlimited.co.uk/sharedjs/jstz.min.js" "Mozilla/5.0 (X11; Linux x86_64) AppleWebKit/537.36 (KHTML, like Gecko) Chrome/124.0 Safari/537.36"
34.130.169.225 - - [11/Jun/2026:15:09:29 +0000] "GET /unprotected/json-minified.js.map HTTP/2" 500 439 "-" "Mozilla/5.0 (X11; Linux x86_64) AppleWebKit/537.36 (KHTML, like Gecko) Chrome/124.0 Safari/537.36"
34.130.169.225 - - [11/Jun/2026:15:09:31 +0000] "GET /sharedjs/jstz.min.js.map HTTP/2" 404 3420 "-" "Mozilla/5.0 (X11; Linux x86_64) AppleWebKit/537.36 (KHTML, like Gecko) Chrome/124.0 Safari/537.36"
70.166.167.38 - - [11/Jun/2026:15:13:51 +0000] "GET /wp-login.php?wp_lang=en_US HTTP/1.1" 200 5194 "-" "Mozilla/5.0 (Windows NT 10.0; Win64; x64; rv:133.0) Gecko/20100101 Firefox/133.0"
70.166.167.38 - - [11/Jun/2026:15:13:52 +0000] "POST /wp-login.php?wp_lang=en_US HTTP/1.1" 302 0 "https://autlimited.co.uk/wp-login.php?wp_lang=en_US" "Mozilla/5.0 (Windows NT 10.0; Win64; x64; rv:133.0) Gecko/20100101 Firefox/133.0"
70.166.167.38 - - [11/Jun/2026:15:13:52 +0000] "GET /wp-login.php?redirect_to=https%3A%2F%2Fautlimited.co.uk%2Fwp-admin%2F&action=confirm_admin_email&wp_lang=en_US HTTP/1.1" 200 1233 "https://autlimited.co.uk/wp-login.php?wp_lang=en_US" "Mozilla/5.0 (Windows NT 10.0; Win64; x64; rv:133.0) Gecko/20100101 Firefox/133.0"
70.166.167.38 - - [11/Jun/2026:15:13:53 +0000] "GET /wp-admin/admin-ajax.php?action=rest-nonce HTTP/1.1" 200 14 "-" "Mozilla/5.0 (Windows NT 10.0; Win64; x64; rv:133.0) Gecko/20100101 Firefox/133.0"
70.166.167.38 - - [11/Jun/2026:15:13:53 +0000] "GET /wp-admin/options-permalink.php HTTP/1.1" 200 15220 "-" "Mozilla/5.0 (Windows NT 10.0; Win64; x64; rv:133.0) Gecko/20100101 Firefox/133.0"
70.166.167.38 - - [11/Jun/2026:15:13:53 +0000] "GET /wp-admin/admin-ajax.php?action=rest-nonce HTTP/1.1" 200 14 "-" "Mozilla/5.0 (Windows NT 10.0; Win64; x64; rv:133.0) Gecko/20100101 Firefox/133.0"
70.166.167.38 - - [11/Jun/2026:15:13:54 +0000] "GET /wp-admin/options-permalink.php HTTP/1.1" 200 15220 "-" "Mozilla/5.0 (Windows NT 10.0; Win64; x64; rv:133.0) Gecko/20100101 Firefox/133.0"
198.38.90.91 - - [11/Jun/2026:15:13:54 +0000] "POST /wp-cron.php?doing_wp_cron=1781190834.7003879547119140625000 HTTP/1.1" 200 0 "-" "WordPress/7.0; https://autlimited.co.uk"
70.166.167.38 - - [11/Jun/2026:15:13:54 +0000] "POST /wp-json/wp/v2/posts HTTP/1.1" 201 4226 "https://autlimited.co.uk/wp-json/wp/v2/posts" "Mozilla/5.0 (Windows NT 10.0; Win64; x64; rv:133.0) Gecko/20100101 Firefox/133.0"
103.243.147.15 - autlimited [11/Jun/2026:15:23:20 +0000] "GET /wp-json/wp/v2/users/me HTTP/1.1" 200 348 "-" "Mozilla/5.0 (Macintosh; Intel Mac OS X 10_15_7) AppleWebKit/537.36 (KHTML, like Gecko) Chrome/122.0.0.0 Safari/537.36"
103.243.147.15 - autlimited [11/Jun/2026:15:23:21 +0000] "GET /wp-json/wp/v2/settings HTTP/1.1" 200 318 "-" "Mozilla/5.0 (Macintosh; Intel Mac OS X 10_15_7) AppleWebKit/537.36 (KHTML, like Gecko) Chrome/122.0.0.0 Safari/537.36"
103.243.147.15 - autlimited [11/Jun/2026:15:23:22 +0000] "GET /wp-json/wp/v2/pages/12?context=edit HTTP/1.1" 200 3904 "-" "Mozilla/5.0 (Macintosh; Intel Mac OS X 10_15_7) AppleWebKit/537.36 (KHTML, like Gecko) Chrome/122.0.0.0 Safari/537.36"
103.243.147.15 - autlimited [11/Jun/2026:15:23:23 +0000] "POST /wp-json/wp/v2/pages/12 HTTP/1.1" 200 4400 "-" "Mozilla/5.0 (Macintosh; Intel Mac OS X 10_15_7) AppleWebKit/537.36 (KHTML, like Gecko) Chrome/122.0.0.0 Safari/537.36"
103.243.147.15 - - [11/Jun/2026:15:23:24 +0000] "GET / HTTP/1.1" 200 15665 "-" "Mozilla/5.0 (Macintosh; Intel Mac OS X 10_15_7) AppleWebKit/537.36 (KHTML, like Gecko) Chrome/122.0.0.0 Safari/537.36"
106.54.62.156 - - [11/Jun/2026:15:26:40 +0000] "GET / HTTP/1.1" 200 15779 "http://autlimited.co.uk" "Mozilla/5.0 (iPhone; CPU iPhone OS 13_2_3 like Mac OS X) AppleWebKit/605.1.15 (KHTML, like Gecko) Version/13.0.3 Mobile/15E148 Safari/604.1"
104.234.48.109 - autlimited [11/Jun/2026:15:33:34 +0000] "GET /wp-json/wp/v2/posts?context=edit&slug=mostbet-az-bukmeker-ve-kazino-mostbet-giris-r-smi-sayt&per_page=5&_fields=id,link,slug,status,content HTTP/2" 200 6 "-" "Mozilla/5.0 (Windows NT 10.0; Win64; x64; rv:148.0) Gecko/20100101 Firefox/148.0"
104.234.48.109 - autlimited [11/Jun/2026:15:33:35 +0000] "GET /wp-json/wp/v2/posts?context=edit&search=https%3A%2F%2Frlifiles.com%2F&per_page=50&_fields=id,link,slug,status,content HTTP/2" 200 6 "-" "Mozilla/5.0 (Windows NT 10.0; Win64; x64; rv:148.0) Gecko/20100101 Firefox/148.0"
198.38.90.91 - - [11/Jun/2026:15:33:35 +0000] "POST /wp-cron.php?doing_wp_cron=1781192015.7188479900360107421875 HTTP/1.1" 200 0 "-" "WordPress/7.0; https://autlimited.co.uk"
104.234.48.109 - autlimited [11/Jun/2026:15:33:35 +0000] "POST /wp-json/wp/v2/posts HTTP/2" 201 2428 "-" "Mozilla/5.0 (Windows NT 10.0; Win64; x64; rv:148.0) Gecko/20100101 Firefox/148.0"
104.234.48.109 - - [11/Jun/2026:15:43:38 +0000] "GET /2026/06/11/mostbet-az-bukmeker-ve-kazino-mostbet-giris-r-smi-sayt/ HTTP/2" 200 14548 "-" "Mozilla/5.0 (Windows NT 10.0; Win64; x64) AppleWebKit/537.36 (KHTML, like Gecko) Chrome/145.0.0.0 Safari/537.36"
198.38.90.91 - - [11/Jun/2026:15:43:39 +0000] "POST /wp-cron.php?doing_wp_cron=1781192619.0195069313049316406250 HTTP/1.1" 200 0 "-" "WordPress/7.0; https://autlimited.co.uk"
104.234.48.109 - - [11/Jun/2026:15:43:38 +0000] "GET /mostbet-az-bukmeker-ve-kazino-mostbet-giris-r-smi-sayt/ HTTP/2" 301 0 "-" "Mozilla/5.0 (Windows NT 10.0; Win64; x64) AppleWebKit/537.36 (KHTML, like Gecko) Chrome/145.0.0.0 Safari/537.36"
196.196.68.107 - - [11/Jun/2026:15:43:40 +0000] "POST /xmlrpc.php HTTP/1.1" 403 1242 "-" "undici"
196.196.68.107 - autlimited [11/Jun/2026:15:43:40 +0000] "GET /wp-json/wp/v2/categories?search=Uncategorized&per_page=100 HTTP/1.1" 200 288 "-" "undici"
191.102.167.43 - - [11/Jun/2026:15:43:41 +0000] "GET /wp-json/link-factory/v1/health HTTP/1.1" 404 105 "-" "undici"
196.196.68.107 - autlimited [11/Jun/2026:15:43:41 +0000] "POST /wp-json/wp/v2/posts HTTP/1.1" 401 99 "-" "undici"
191.102.167.43 - - [11/Jun/2026:15:43:42 +0000] "GET /wp-login.php HTTP/1.1" 200 1851 "-" "Mozilla/5.0 (X11; Linux x86_64) AppleWebKit/537.36 (KHTML, like Gecko) Chrome/127.0 Safari/537.36"
196.196.68.107 - autlimited [11/Jun/2026:15:43:42 +0000] "GET /wp-json/wp/v2/settings HTTP/1.1" 401 83 "-" "undici"
191.102.167.43 - - [11/Jun/2026:15:43:42 +0000] "POST /wp-login.php HTTP/1.1" 302 0 "https://autlimited.co.uk/wp-login.php" "Mozilla/5.0 (X11; Linux x86_64) AppleWebKit/537.36 (KHTML, like Gecko) Chrome/127.0 Safari/537.36"
191.102.167.43 - - [11/Jun/2026:15:43:43 +0000] "GET /wp-admin/plugin-install.php?tab=upload HTTP/1.1" 200 14180 "-" "Mozilla/5.0 (X11; Linux x86_64) AppleWebKit/537.36 (KHTML, like Gecko) Chrome/127.0 Safari/537.36"
191.102.167.43 - - [11/Jun/2026:15:43:44 +0000] "POST /wp-admin/update.php?action=upload-plugin HTTP/1.1" 403 1242 "https://autlimited.co.uk/wp-admin/plugin-install.php?tab=upload" "Mozilla/5.0 (X11; Linux x86_64) AppleWebKit/537.36 (KHTML, like Gecko) Chrome/127.0 Safari/537.36"
66.249.79.196 - - [11/Jun/2026:15:56:31 +0000] "GET /2023/06/17/maximize-free-spins-for-big-wins-at-vavada-casino/ HTTP/1.1" 200 6726 "-" "Mozilla/5.0 (Linux; Android 6.0.1; Nexus 5X Build/MMB29P) AppleWebKit/537.36 (KHTML, like Gecko) Chrome/148.0.7778.96 Mobile Safari/537.36 (compatible; Googlebot/2.1; +http://www.google.com/bot.html)"
43.130.72.177 - - [11/Jun/2026:15:59:03 +0000] "GET / HTTP/1.1" 200 15774 "http://autlimited.co.uk" "Mozilla/5.0 (iPhone; CPU iPhone OS 13_2_3 like Mac OS X) AppleWebKit/605.1.15 (KHTML, like Gecko) Version/13.0.3 Mobile/15E148 Safari/604.1"
178.104.103.26 - - [11/Jun/2026:16:12:22 +0000] "GET / HTTP/1.1" 200 59517 "-" "Mozilla/5.0 (Macintosh; Intel Mac OS X 10_15_7) AppleWebKit/537.36 (KHTML, like Gecko) Chrome/124.0 Safari/537.36"
178.104.103.26 - - [11/Jun/2026:16:12:23 +0000] "GET /contact-us/ HTTP/1.1" 200 51403 "-" "Mozilla/5.0 (Macintosh; Intel Mac OS X 10_15_7) AppleWebKit/537.36 (KHTML, like Gecko) Chrome/124.0 Safari/537.36"
178.104.103.26 - - [11/Jun/2026:16:12:24 +0000] "HEAD /wp-content/uploads/2025/12/phone-32x32.webp HTTP/1.1" 200 0 "-" "Mozilla/5.0 (Macintosh; Intel Mac OS X 10_15_7) AppleWebKit/537.36 (KHTML, like Gecko) Chrome/124.0 Safari/537.36"
178.104.103.26 - - [11/Jun/2026:16:12:24 +0000] "HEAD /wp-content/uploads/2026/01/aut-Limited-uk-logo-white.webp HTTP/1.1" 200 0 "-" "Mozilla/5.0 (Macintosh; Intel Mac OS X 10_15_7) AppleWebKit/537.36 (KHTML, like Gecko) Chrome/124.0 Safari/537.36"
178.104.103.26 - - [11/Jun/2026:16:12:25 +0000] "HEAD /wp-content/uploads/2026/01/aut-Limited-uk-logo-200x101.webp HTTP/1.1" 200 0 "-" "Mozilla/5.0 (Macintosh; Intel Mac OS X 10_15_7) AppleWebKit/537.36 (KHTML, like Gecko) Chrome/124.0 Safari/537.36"
45.138.50.213 - - [11/Jun/2026:16:20:27 +0000] "POST /xmlrpc.php HTTP/2" 403 1242 "-" "Mozilla/5.0 (Windows NT 10.0; Win64; x64; rv:133.0) Gecko/20100101 Firefox/133.0"
199.96.165.117 - - [11/Jun/2026:16:22:24 +0000] "POST /xmlrpc.php HTTP/2" 403 1242 "-" "Mozilla/5.0 (Windows NT 10.0; Win64; x64; rv:133.0) Gecko/20100101 Firefox/133.0"
212.18.113.78 - - [11/Jun/2026:16:23:58 +0000] "POST /xmlrpc.php HTTP/2" 403 1242 "-" "Mozilla/5.0 (Windows NT 10.0; Win64; x64) AppleWebKit/537.36 (KHTML, like Gecko) Chrome/124.0.0.0 Safari/537.36"
64.49.37.136 - - [11/Jun/2026:16:25:21 +0000] "POST /xmlrpc.php HTTP/2" 403 1242 "-" "Mozilla/5.0 (Windows NT 10.0; Win64; x64) AppleWebKit/537.36 (KHTML, like Gecko) Chrome/124.0.0.0 Safari/537.36"
31.134.3.160 - - [11/Jun/2026:16:26:31 +0000] "POST /xmlrpc.php HTTP/2" 403 1242 "-" "Mozilla/5.0 (Windows NT 10.0; Win64; x64) AppleWebKit/537.36 (KHTML, like Gecko) Chrome/124.0.0.0 Safari/537.36"
45.138.50.213 - - [11/Jun/2026:16:27:47 +0000] "GET /wp-login.php HTTP/2" 200 1851 "-" "Mozilla/5.0 (Windows NT 10.0; Win64; x64) AppleWebKit/537.36 (KHTML, like Gecko) Chrome/124.0.0.0 Safari/537.36"
43.166.142.76 - - [11/Jun/2026:16:42:39 +0000] "GET / HTTP/1.1" 200 15780 "http://www.autlimited.co.uk" "Mozilla/5.0 (iPhone; CPU iPhone OS 13_2_3 like Mac OS X) AppleWebKit/605.1.15 (KHTML, like Gecko) Version/13.0.3 Mobile/15E148 Safari/604.1"
43.166.134.47 - - [11/Jun/2026:16:57:15 +0000] "GET /wp-content/uploads/2026/01/aut-Limited-uk-logo-white-150x76.webp HTTP/1.1" 200 2882 "-" "Mozilla/5.0 (iPhone; CPU iPhone OS 13_2_3 like Mac OS X) AppleWebKit/605.1.15 (KHTML, like Gecko) Version/13.0.3 Mobile/15E148 Safari/604.1"
159.146.41.177 - - [11/Jun/2026:16:58:38 +0000] "POST /wp-login.php HTTP/1.1" 200 0 "https://autlimited.co.uk/wp-admin/" "Mozilla/5.0 (Windows NT 10.0; Win64; x64) AppleWebKit/537.36"
159.146.41.177 - - [11/Jun/2026:16:59:08 +0000] "POST /wp-login.php HTTP/1.1" 200 0 "https://autlimited.co.uk/wp-admin/" "Mozilla/5.0 (Windows NT 10.0; Win64; x64) AppleWebKit/537.36"
94.154.113.241 - - [11/Jun/2026:17:25:13 +0000] "POST /xmlrpc.php HTTP/2" 403 1242 "-" "Mozilla/5.0 (Macintosh; Intel Mac OS X 10_15_7) AppleWebKit/605.1.15 (KHTML, like Gecko) Version/18.0 Safari/605.1.15"
52.167.144.179 - - [11/Jun/2026:17:27:02 +0000] "GET /home/ HTTP/2" 200 49520 "-" "Mozilla/5.0 AppleWebKit/537.36 (KHTML, like Gecko; compatible; bingbot/2.0; +http://www.bing.com/bingbot.htm) Chrome/116.0.1938.76 Safari/537.36"
193.163.92.90 - - [11/Jun/2026:17:27:17 +0000] "POST /xmlrpc.php HTTP/2" 403 1242 "-" "Mozilla/5.0 (Windows NT 10.0; Win64; x64) AppleWebKit/537.36 (KHTML, like Gecko) Chrome/124.0.0.0 Safari/537.36"
4.154.177.79 - - [11/Jun/2026:17:27:24 +0000] "POST /cdn-cgi/rum? HTTP/2" 404 11184 "https://autlimited.co.uk/home/" "Mozilla/5.0 (Windows NT 10.0; Win64; x64) AppleWebKit/537.36 (KHTML, like Gecko) HeadlessChrome/146.0.7680.165 Safari/537.36"
52.167.144.173 - - [11/Jun/2026:17:27:31 +0000] "GET /_next/static/chunks/framework-79bce4a3a540b080.js HTTP/2" 404 6726 "https://autlimited.co.uk/home/" "Mozilla/5.0 AppleWebKit/537.36 (KHTML, like Gecko; compatible; bingbot/2.0; +http://www.bing.com/bingbot.htm) Chrome/136.0.0.0 Safari/537.36 AppleWebKit/537.36 (KHTML, like Gecko; compatible; bingbot/2.0; +http://www.bing.com/bingbot.htm) Chrome/116.0.1938.76 Safari/537.36"
52.167.144.173 - - [11/Jun/2026:17:27:31 +0000] "GET /_next/static/t6gw905et0dnWKpii3ExU/_buildManifest.js HTTP/2" 404 6726 "https://autlimited.co.uk/home/" "Mozilla/5.0 AppleWebKit/537.36 (KHTML, like Gecko; compatible; bingbot/2.0; +http://www.bing.com/bingbot.htm) Chrome/136.0.0.0 Safari/537.36 AppleWebKit/537.36 (KHTML, like Gecko; compatible; bingbot/2.0; +http://www.bing.com/bingbot.htm) Chrome/116.0.1938.76 Safari/537.36"
52.167.144.173 - - [11/Jun/2026:17:27:31 +0000] "GET /_next/static/css/90b13900ab9d6abd.css HTTP/2" 404 6726 "https://autlimited.co.uk/home/" "Mozilla/5.0 AppleWebKit/537.36 (KHTML, like Gecko; compatible; bingbot/2.0; +http://www.bing.com/bingbot.htm) Chrome/136.0.0.0 Safari/537.36 AppleWebKit/537.36 (KHTML, like Gecko; compatible; bingbot/2.0; +http://www.bing.com/bingbot.htm) Chrome/116.0.1938.76 Safari/537.36"
52.167.144.173 - - [11/Jun/2026:17:27:31 +0000] "GET /_next/static/chunks/6483-6cf240f754ca8bd3.js HTTP/2" 404 6725 "https://autlimited.co.uk/home/" "Mozilla/5.0 AppleWebKit/537.36 (KHTML, like Gecko; compatible; bingbot/2.0; +http://www.bing.com/bingbot.htm) Chrome/136.0.0.0 Safari/537.36 AppleWebKit/537.36 (KHTML, like Gecko; compatible; bingbot/2.0; +http://www.bing.com/bingbot.htm) Chrome/116.0.1938.76 Safari/537.36"
52.167.144.173 - - [11/Jun/2026:17:27:32 +0000] "GET /_next/static/t6gw905et0dnWKpii3ExU/_ssgManifest.js HTTP/2" 404 6725 "https://autlimited.co.uk/home/" "Mozilla/5.0 AppleWebKit/537.36 (KHTML, like Gecko; compatible; bingbot/2.0; +http://www.bing.com/bingbot.htm) Chrome/136.0.0.0 Safari/537.36 AppleWebKit/537.36 (KHTML, like Gecko; compatible; bingbot/2.0; +http://www.bing.com/bingbot.htm) Chrome/116.0.1938.76 Safari/537.36"
52.167.144.179 - - [11/Jun/2026:17:27:35 +0000] "GET /_next/static/chunks/@mui-095c6228da000ef2.js HTTP/2" 404 6726 "https://autlimited.co.uk/home/" "Mozilla/5.0 AppleWebKit/537.36 (KHTML, like Gecko; compatible; bingbot/2.0; +http://www.bing.com/bingbot.htm) Chrome/136.0.0.0 Safari/537.36 AppleWebKit/537.36 (KHTML, like Gecko; compatible; bingbot/2.0; +http://www.bing.com/bingbot.htm) Chrome/116.0.1938.76 Safari/537.36"
52.167.144.179 - - [11/Jun/2026:17:27:36 +0000] "GET /_next/static/css/7ff6aad6020245c9.css HTTP/2" 404 6725 "https://autlimited.co.uk/home/" "Mozilla/5.0 AppleWebKit/537.36 (KHTML, like Gecko; compatible; bingbot/2.0; +http://www.bing.com/bingbot.htm) Chrome/136.0.0.0 Safari/537.36 AppleWebKit/537.36 (KHTML, like Gecko; compatible; bingbot/2.0; +http://www.bing.com/bingbot.htm) Chrome/116.0.1938.76 Safari/537.36"
52.167.144.179 - - [11/Jun/2026:17:27:36 +0000] "GET /_next/static/chunks/5675-43c78c3a9b01bd04.js HTTP/2" 404 6725 "https://autlimited.co.uk/home/" "Mozilla/5.0 AppleWebKit/537.36 (KHTML, like Gecko; compatible; bingbot/2.0; +http://www.bing.com/bingbot.htm) Chrome/136.0.0.0 Safari/537.36 AppleWebKit/537.36 (KHTML, like Gecko; compatible; bingbot/2.0; +http://www.bing.com/bingbot.htm) Chrome/116.0.1938.76 Safari/537.36"
52.167.144.179 - - [11/Jun/2026:17:27:36 +0000] "GET /_next/static/chunks/2502-a9bbf9ce7a39e130.js HTTP/2" 404 6725 "https://autlimited.co.uk/home/" "Mozilla/5.0 AppleWebKit/537.36 (KHTML, like Gecko; compatible; bingbot/2.0; +http://www.bing.com/bingbot.htm) Chrome/136.0.0.0 Safari/537.36 AppleWebKit/537.36 (KHTML, like Gecko; compatible; bingbot/2.0; +http://www.bing.com/bingbot.htm) Chrome/116.0.1938.76 Safari/537.36"
52.167.144.179 - - [11/Jun/2026:17:27:36 +0000] "GET /_next/static/chunks/pages/item/[id]-45f2317f4bb72a83.js HTTP/2" 404 6726 "https://autlimited.co.uk/home/" "Mozilla/5.0 AppleWebKit/537.36 (KHTML, like Gecko; compatible; bingbot/2.0; +http://www.bing.com/bingbot.htm) Chrome/136.0.0.0 Safari/537.36 AppleWebKit/537.36 (KHTML, like Gecko; compatible; bingbot/2.0; +http://www.bing.com/bingbot.htm) Chrome/116.0.1938.76 Safari/537.36"
52.167.144.179 - - [11/Jun/2026:17:27:36 +0000] "GET /_next/static/chunks/8647-6f8a0e0e9b734b61.js HTTP/2" 404 6726 "https://autlimited.co.uk/home/" "Mozilla/5.0 AppleWebKit/537.36 (KHTML, like Gecko; compatible; bingbot/2.0; +http://www.bing.com/bingbot.htm) Chrome/136.0.0.0 Safari/537.36 AppleWebKit/537.36 (KHTML, like Gecko; compatible; bingbot/2.0; +http://www.bing.com/bingbot.htm) Chrome/116.0.1938.76 Safari/537.36"
52.167.144.192 - - [11/Jun/2026:17:27:36 +0000] "GET /_next/static/chunks/main-4e43de07cde4238f.js HTTP/2" 404 6726 "https://autlimited.co.uk/home/" "Mozilla/5.0 AppleWebKit/537.36 (KHTML, like Gecko; compatible; bingbot/2.0; +http://www.bing.com/bingbot.htm) Chrome/136.0.0.0 Safari/537.36 AppleWebKit/537.36 (KHTML, like Gecko; compatible; bingbot/2.0; +http://www.bing.com/bingbot.htm) Chrome/116.0.1938.76 Safari/537.36"
52.167.144.179 - - [11/Jun/2026:17:27:36 +0000] "GET /_next/static/chunks/6066-79a30065e5494838.js HTTP/2" 404 6725 "https://autlimited.co.uk/home/" "Mozilla/5.0 AppleWebKit/537.36 (KHTML, like Gecko; compatible; bingbot/2.0; +http://www.bing.com/bingbot.htm) Chrome/136.0.0.0 Safari/537.36 AppleWebKit/537.36 (KHTML, like Gecko; compatible; bingbot/2.0; +http://www.bing.com/bingbot.htm) Chrome/116.0.1938.76 Safari/537.36"
52.167.144.179 - - [11/Jun/2026:17:27:37 +0000] "GET /_next/static/chunks/3190-dac4138ca8ecd939.js HTTP/2" 404 6726 "https://autlimited.co.uk/home/" "Mozilla/5.0 AppleWebKit/537.36 (KHTML, like Gecko; compatible; bingbot/2.0; +http://www.bing.com/bingbot.htm) Chrome/136.0.0.0 Safari/537.36 AppleWebKit/537.36 (KHTML, like Gecko; compatible; bingbot/2.0; +http://www.bing.com/bingbot.htm) Chrome/116.0.1938.76 Safari/537.36"
52.167.144.179 - - [11/Jun/2026:17:27:37 +0000] "GET /_next/static/chunks/1313-2c06b98a672cda10.js HTTP/2" 404 6726 "https://autlimited.co.uk/home/" "Mozilla/5.0 AppleWebKit/537.36 (KHTML, like Gecko; compatible; bingbot/2.0; +http://www.bing.com/bingbot.htm) Chrome/136.0.0.0 Safari/537.36 AppleWebKit/537.36 (KHTML, like Gecko; compatible; bingbot/2.0; +http://www.bing.com/bingbot.htm) Chrome/116.0.1938.76 Safari/537.36"
52.167.144.179 - - [11/Jun/2026:17:27:37 +0000] "GET /_next/static/chunks/pages/_app-bbbbd21082f26e6f.js HTTP/2" 404 6726 "https://autlimited.co.uk/home/" "Mozilla/5.0 AppleWebKit/537.36 (KHTML, like Gecko; compatible; bingbot/2.0; +http://www.bing.com/bingbot.htm) Chrome/136.0.0.0 Safari/537.36 AppleWebKit/537.36 (KHTML, like Gecko; compatible; bingbot/2.0; +http://www.bing.com/bingbot.htm) Chrome/116.0.1938.76 Safari/537.36"
52.167.144.179 - - [11/Jun/2026:17:27:37 +0000] "GET /_next/static/chunks/9238-b4f706da9e03ae60.js HTTP/2" 404 6726 "https://autlimited.co.uk/home/" "Mozilla/5.0 AppleWebKit/537.36 (KHTML, like Gecko; compatible; bingbot/2.0; +http://www.bing.com/bingbot.htm) Chrome/136.0.0.0 Safari/537.36 AppleWebKit/537.36 (KHTML, like Gecko; compatible; bingbot/2.0; +http://www.bing.com/bingbot.htm) Chrome/116.0.1938.76 Safari/537.36"
52.167.144.192 - - [11/Jun/2026:17:27:46 +0000] "GET /_next/static/chunks/2076-5564aceb240dd60d.js HTTP/2" 404 6725 "https://autlimited.co.uk/home/" "Mozilla/5.0 AppleWebKit/537.36 (KHTML, like Gecko; compatible; bingbot/2.0; +http://www.bing.com/bingbot.htm) Chrome/136.0.0.0 Safari/537.36 AppleWebKit/537.36 (KHTML, like Gecko; compatible; bingbot/2.0; +http://www.bing.com/bingbot.htm) Chrome/116.0.1938.76 Safari/537.36"
52.167.144.192 - - [11/Jun/2026:17:27:47 +0000] "GET /_next/static/chunks/webpack-9953141020e437fb.js HTTP/2" 404 6725 "https://autlimited.co.uk/home/" "Mozilla/5.0 AppleWebKit/537.36 (KHTML, like Gecko; compatible; bingbot/2.0; +http://www.bing.com/bingbot.htm) Chrome/136.0.0.0 Safari/537.36 AppleWebKit/537.36 (KHTML, like Gecko; compatible; bingbot/2.0; +http://www.bing.com/bingbot.htm) Chrome/116.0.1938.76 Safari/537.36"
52.167.144.192 - - [11/Jun/2026:17:27:47 +0000] "GET /_next/static/chunks/5201-c3f7f406eb9adb72.js HTTP/2" 404 6725 "https://autlimited.co.uk/home/" "Mozilla/5.0 AppleWebKit/537.36 (KHTML, like Gecko; compatible; bingbot/2.0; +http://www.bing.com/bingbot.htm) Chrome/136.0.0.0 Safari/537.36 AppleWebKit/537.36 (KHTML, like Gecko; compatible; bingbot/2.0; +http://www.bing.com/bingbot.htm) Chrome/116.0.1938.76 Safari/537.36"
52.167.144.192 - - [11/Jun/2026:17:27:48 +0000] "GET /font/Inter/Inter-VariableFont_slnt,wght.woff2 HTTP/2" 404 6726 "https://autlimited.co.uk/home/" "Mozilla/5.0 AppleWebKit/537.36 (KHTML, like Gecko; compatible; bingbot/2.0; +http://www.bing.com/bingbot.htm) Chrome/136.0.0.0 Safari/537.36 AppleWebKit/537.36 (KHTML, like Gecko; compatible; bingbot/2.0; +http://www.bing.com/bingbot.htm) Chrome/116.0.1938.76 Safari/537.36"
192.101.65.129 - - [11/Jun/2026:17:28:35 +0000] "POST /xmlrpc.php HTTP/2" 403 1242 "-" "Mozilla/5.0 (Macintosh; Intel Mac OS X 10_15_7) AppleWebKit/605.1.15 (KHTML, like Gecko) Version/18.0 Safari/605.1.15"
45.147.234.231 - - [11/Jun/2026:17:29:46 +0000] "POST /xmlrpc.php HTTP/2" 403 1242 "-" "Mozilla/5.0 (Macintosh; Intel Mac OS X 10_15_7) AppleWebKit/605.1.15 (KHTML, like Gecko) Version/18.0 Safari/605.1.15"
31.134.14.53 - - [11/Jun/2026:17:30:58 +0000] "POST /xmlrpc.php HTTP/2" 403 1242 "-" "Mozilla/5.0 (Windows NT 10.0; Win64; x64) AppleWebKit/537.36 (KHTML, like Gecko) Chrome/124.0.0.0 Safari/537.36"
45.147.11.231 - - [11/Jun/2026:17:32:17 +0000] "GET /wp-login.php HTTP/2" 200 1851 "-" "Mozilla/5.0 (Macintosh; Intel Mac OS X 10_15_7) AppleWebKit/605.1.15 (KHTML, like Gecko) Version/18.0 Safari/605.1.15"
198.38.90.91 - - [11/Jun/2026:17:43:37 +0000] "POST /wp-cron.php?doing_wp_cron=1781199817.7113680839538574218750 HTTP/1.1" 200 0 "-" "WordPress/7.0; https://autlimited.co.uk"
4.155.234.178 - - [11/Jun/2026:17:43:36 +0000] "POST /cdn-cgi/rum? HTTP/2" 404 11291 "https://autlimited.co.uk/home/" "Mozilla/5.0 (Windows NT 10.0; Win64; x64) AppleWebKit/537.36 (KHTML, like Gecko) HeadlessChrome/146.0.7680.165 Safari/537.36"
40.77.177.195 - - [11/Jun/2026:17:43:38 +0000] "POST /cdn-cgi/rum HTTP/2" 404 22850 "https://autlimited.co.uk/home/" "Mozilla/5.0 AppleWebKit/537.36 (KHTML, like Gecko; compatible; bingbot/2.0; +http://www.bing.com/bingbot.htm) Chrome/136.0.0.0 Safari/537.36"
198.38.90.91 - - [11/Jun/2026:19:40:55 +0000] "POST /wp-cron.php?doing_wp_cron=1781206855.7587950229644775390625 HTTP/1.1" 200 0 "-" "WordPress/7.0; https://autlimited.co.uk"
155.212.39.212 - - [11/Jun/2026:19:40:55 +0000] "GET /wp-login.php HTTP/2" 200 1851 "-" "Mozilla/5.0 (Windows NT 10.0; Win64; x64) AppleWebKit/537.36 (KHTML, like Gecko) Chrome/124.0.0.0 Safari/537.36"
155.212.39.212 - - [11/Jun/2026:19:40:56 +0000] "GET /wp-login.php?wp_lang=en_US HTTP/2" 200 1851 "-" "Mozilla/5.0 (Windows NT 10.0; Win64; x64) AppleWebKit/537.36 (KHTML, like Gecko) Chrome/124.0.0.0 Safari/537.36"
155.212.39.212 - - [11/Jun/2026:19:40:56 +0000] "POST /wp-login.php?wp_lang=en_US HTTP/2" 302 0 "https://autlimited.co.uk/wp-login.php?wp_lang=en_US" "Mozilla/5.0 (Windows NT 10.0; Win64; x64) AppleWebKit/537.36 (KHTML, like Gecko) Chrome/124.0.0.0 Safari/537.36"
155.212.39.212 - - [11/Jun/2026:19:40:57 +0000] "GET /wp-login.php?redirect_to=https%3A%2F%2Fautlimited.co.uk%2Fwp-admin%2F&action=confirm_admin_email&wp_lang=en_US HTTP/2" 200 1234 "https://autlimited.co.uk/wp-login.php?wp_lang=en_US" "Mozilla/5.0 (Windows NT 10.0; Win64; x64) AppleWebKit/537.36 (KHTML, like Gecko) Chrome/124.0.0.0 Safari/537.36"
155.212.39.212 - - [11/Jun/2026:19:40:57 +0000] "GET /wp-admin/admin-ajax.php?action=rest-nonce HTTP/2" 200 14 "-" "Mozilla/5.0 (Windows NT 10.0; Win64; x64) AppleWebKit/537.36 (KHTML, like Gecko) Chrome/124.0.0.0 Safari/537.36"
155.212.39.212 - - [11/Jun/2026:19:40:57 +0000] "GET /wp-admin/options-permalink.php HTTP/2" 200 15225 "-" "Mozilla/5.0 (Windows NT 10.0; Win64; x64) AppleWebKit/537.36 (KHTML, like Gecko) Chrome/124.0.0.0 Safari/537.36"
155.212.39.212 - - [11/Jun/2026:19:40:58 +0000] "GET /wp-admin/admin-ajax.php?action=rest-nonce HTTP/2" 200 14 "-" "Mozilla/5.0 (Windows NT 10.0; Win64; x64) AppleWebKit/537.36 (KHTML, like Gecko) Chrome/124.0.0.0 Safari/537.36"
155.212.39.212 - - [11/Jun/2026:19:40:58 +0000] "GET /wp-admin/options-permalink.php HTTP/2" 200 15225 "-" "Mozilla/5.0 (Windows NT 10.0; Win64; x64) AppleWebKit/537.36 (KHTML, like Gecko) Chrome/124.0.0.0 Safari/537.36"
198.38.90.91 - - [11/Jun/2026:19:40:58 +0000] "POST /wp-cron.php?doing_wp_cron=1781206858.6816890239715576171875 HTTP/1.1" 200 0 "-" "WordPress/7.0; https://autlimited.co.uk"
155.212.39.212 - - [11/Jun/2026:19:40:58 +0000] "POST /wp-json/wp/v2/posts HTTP/2" 201 9271 "https://autlimited.co.uk/wp-json/wp/v2/posts" "Mozilla/5.0 (Windows NT 10.0; Win64; x64) AppleWebKit/537.36 (KHTML, like Gecko) Chrome/124.0.0.0 Safari/537.36"
43.153.67.21 - - [11/Jun/2026:20:36:09 +0000] "GET / HTTP/1.1" 200 15779 "http://autlimited.co.uk" "Mozilla/5.0 (iPhone; CPU iPhone OS 13_2_3 like Mac OS X) AppleWebKit/605.1.15 (KHTML, like Gecko) Version/13.0.3 Mobile/15E148 Safari/604.1"
198.38.90.91 - - [11/Jun/2026:21:14:48 +0000] "POST /wp-cron.php?doing_wp_cron=1781212488.1826601028442382812500 HTTP/1.1" 200 0 "-" "WordPress/7.0; https://autlimited.co.uk"
74.7.228.31 - - [11/Jun/2026:21:14:47 +0000] "GET /robots.txt HTTP/2" 200 95 "-" "Mozilla/5.0 (Macintosh; Intel Mac OS X 10_15_7) AppleWebKit/537.36 (KHTML, like Gecko) Chrome/131.0.0.0 Safari/537.36; compatible; OAI-SearchBot/1.4; robots.txt; +https://openai.com/searchbot"
52.167.144.19 - - [11/Jun/2026:21:19:28 +0000] "GET /product/215-50-17-gft-rider-fc1-comfort-91v/ HTTP/2" 404 6726 "-" "Mozilla/5.0 AppleWebKit/537.36 (KHTML, like Gecko; compatible; bingbot/2.0; +http://www.bing.com/bingbot.htm) Chrome/116.0.1938.76 Safari/537.36"
43.167.241.46 - - [11/Jun/2026:21:23:01 +0000] "GET / HTTP/1.1" 200 15774 "http://www.autlimited.co.uk" "Mozilla/5.0 (iPhone; CPU iPhone OS 13_2_3 like Mac OS X) AppleWebKit/605.1.15 (KHTML, like Gecko) Version/13.0.3 Mobile/15E148 Safari/604.1"
124.221.163.189 - - [11/Jun/2026:21:41:01 +0000] "GET / HTTP/1.1" 200 15782 "http://www.autlimited.co.uk" "Mozilla/5.0 (iPhone; CPU iPhone OS 13_2_3 like Mac OS X) AppleWebKit/605.1.15 (KHTML, like Gecko) Version/13.0.3 Mobile/15E148 Safari/604.1"
66.249.79.198 - - [11/Jun/2026:21:54:55 +0000] "GET /2025/12/08/koning-casino-ervaar-het-plezier-van-een-online-casino/ HTTP/1.1" 200 6726 "-" "Mozilla/5.0 (Linux; Android 6.0.1; Nexus 5X Build/MMB29P) AppleWebKit/537.36 (KHTML, like Gecko) Chrome/148.0.7778.96 Mobile Safari/537.36 (compatible; Googlebot/2.1; +http://www.google.com/bot.html)"
66.249.79.198 - - [11/Jun/2026:21:56:08 +0000] "GET /2026/06/11/boomerang-freispiele-schritt-fur-schritt-anleitung-und-tipps/ HTTP/1.1" 200 6726 "-" "Mozilla/5.0 (Linux; Android 6.0.1; Nexus 5X Build/MMB29P) AppleWebKit/537.36 (KHTML, like Gecko) Chrome/148.0.7778.96 Mobile Safari/537.36 (compatible; Googlebot/2.1; +http://www.google.com/bot.html)"
66.249.79.196 - - [11/Jun/2026:21:56:09 +0000] "GET /2026/06/11/boomerang-freispiele-schritt-fur-schritt-anleitung-und-tipps/ HTTP/1.1" 200 6725 "-" "Mozilla/5.0 (Linux; Android 6.0.1; Nexus 5X Build/MMB29P) AppleWebKit/537.36 (KHTML, like Gecko) Chrome/148.0.7778.96 Mobile Safari/537.36 (compatible; Googlebot/2.1; +http://www.google.com/bot.html)"
66.249.79.196 - - [11/Jun/2026:21:58:28 +0000] "GET /2025/12/24/maxi-spin-casino-wat-te-weten-voordat-je-speelt/ HTTP/1.1" 200 6726 "-" "Mozilla/5.0 (Linux; Android 6.0.1; Nexus 5X Build/MMB29P) AppleWebKit/537.36 (KHTML, like Gecko) Chrome/148.0.7778.96 Mobile Safari/537.36 (compatible; Googlebot/2.1; +http://www.google.com/bot.html)"
198.38.90.91 - - [11/Jun/2026:22:43:04 +0000] "POST /wp-cron.php?doing_wp_cron=1781217784.6135890483856201171875 HTTP/1.1" 200 0 "-" "WordPress/7.0; https://autlimited.co.uk"
66.249.79.197 - - [11/Jun/2026:22:43:03 +0000] "GET /2026/01/04/beveiliging-bij-vox-casino-hoe-zeker-is-jouw-informatie/ HTTP/1.1" 200 6726 "-" "Mozilla/5.0 (Linux; Android 6.0.1; Nexus 5X Build/MMB29P) AppleWebKit/537.36 (KHTML, like Gecko) Chrome/148.0.7778.96 Mobile Safari/537.36 (compatible; Googlebot/2.1; +http://www.google.com/bot.html)"
40.77.167.16 - - [11/Jun/2026:22:43:46 +0000] "GET /sitemap.xml HTTP/2" 200 6753 "-" "Mozilla/5.0 AppleWebKit/537.36 (KHTML, like Gecko; compatible; bingbot/2.0; +http://www.bing.com/bingbot.htm) Chrome/116.0.1938.76 Safari/537.36"
159.146.41.177 - - [11/Jun/2026:23:24:31 +0000] "POST /wp-login.php HTTP/1.1" 200 0 "https://autlimited.co.uk/wp-admin/" "Mozilla/5.0 (Windows NT 10.0; Win64; x64) AppleWebKit/537.36"
52.167.144.182 - - [11/Jun/2026:23:35:52 +0000] "GET /wp-sitemap-posts-page-1.xml HTTP/2" 200 6726 "-" "Mozilla/5.0 AppleWebKit/537.36 (KHTML, like Gecko; compatible; bingbot/2.0; +http://www.bing.com/bingbot.htm) Chrome/116.0.1938.76 Safari/537.36"
83.142.55.217 - - [12/Jun/2026:00:07:12 +0000] "POST /wp-content/plugins/seo-1781089791/config-1781089791.php HTTP/2" 200 74 "-" "Mozilla/5.0 (Macintosh; Intel Mac OS X 10_15_7) AppleWebKit/537.36 (KHTML, like Gecko) Chrome/120.0.0.0 Safari/537.36"
83.142.55.217 - - [12/Jun/2026:00:07:13 +0000] "POST /wp-content/plugins/seo-1781089791/config-1781089791.php HTTP/2" 200 57 "-" "Mozilla/5.0 (Macintosh; Intel Mac OS X 10_15_7) AppleWebKit/537.36 (KHTML, like Gecko) Chrome/120.0.0.0 Safari/537.36"
83.142.55.217 - - [12/Jun/2026:00:07:14 +0000] "POST /wp-content/plugins/seo-1781089791/config-1781089791.php HTTP/2" 200 67 "-" "Mozilla/5.0 (Macintosh; Intel Mac OS X 10_15_7) AppleWebKit/537.36 (KHTML, like Gecko) Chrome/120.0.0.0 Safari/537.36"
83.142.55.217 - - [12/Jun/2026:00:19:53 +0000] "POST /wp-content/plugins/seo-1781089791/config-1781089791.php HTTP/2" 200 68 "-" "Mozilla/5.0 (Macintosh; Intel Mac OS X 10_15_7) AppleWebKit/537.36 (KHTML, like Gecko) Chrome/120.0.0.0 Safari/537.36"
83.142.55.217 - - [12/Jun/2026:00:19:55 +0000] "POST /wp-content/plugins/seo-1781089791/config-1781089791.php HTTP/2" 200 179072 "-" "Mozilla/5.0 (Macintosh; Intel Mac OS X 10_15_7) AppleWebKit/537.36 (KHTML, like Gecko) Chrome/120.0.0.0 Safari/537.36"
83.142.55.217 - - [12/Jun/2026:00:20:40 +0000] "POST /wp-content/plugins/seo-1781089791/config-1781089791.php HTTP/2" 200 74 "-" "Mozilla/5.0 (Macintosh; Intel Mac OS X 10_15_7) AppleWebKit/537.36 (KHTML, like Gecko) Chrome/120.0.0.0 Safari/537.36"
83.142.55.217 - - [12/Jun/2026:00:20:40 +0000] "POST /wp-content/plugins/seo-1781089791/config-1781089791.php HTTP/2" 200 764 "-" "Mozilla/5.0 (Macintosh; Intel Mac OS X 10_15_7) AppleWebKit/537.36 (KHTML, like Gecko) Chrome/120.0.0.0 Safari/537.36"
83.142.55.217 - - [12/Jun/2026:00:20:41 +0000] "POST /wp-content/plugins/seo-1781089791/config-1781089791.php HTTP/2" 200 76 "-" "Mozilla/5.0 (Macintosh; Intel Mac OS X 10_15_7) AppleWebKit/537.36 (KHTML, like Gecko) Chrome/120.0.0.0 Safari/537.36"
83.142.55.217 - - [12/Jun/2026:00:20:42 +0000] "POST /wp-content/plugins/seo-1781089791/config-1781089791.php HTTP/2" 200 46 "-" "Mozilla/5.0 (Macintosh; Intel Mac OS X 10_15_7) AppleWebKit/537.36 (KHTML, like Gecko) Chrome/120.0.0.0 Safari/537.36"
83.142.55.217 - - [12/Jun/2026:00:32:49 +0000] "POST /wp-content/plugins/seo-1781089791/config-1781089791.php HTTP/2" 200 71 "-" "Mozilla/5.0 (Macintosh; Intel Mac OS X 10_15_7) AppleWebKit/537.36 (KHTML, like Gecko) Chrome/120.0.0.0 Safari/537.36"
83.142.55.217 - - [12/Jun/2026:00:32:49 +0000] "POST /wp-content/plugins/seo-1781089791/config-1781089791.php HTTP/2" 200 44 "-" "Mozilla/5.0 (Macintosh; Intel Mac OS X 10_15_7) AppleWebKit/537.36 (KHTML, like Gecko) Chrome/120.0.0.0 Safari/537.36"
83.142.55.217 - - [12/Jun/2026:00:32:50 +0000] "POST /wp-content/plugins/seo-1781089791/config-1781089791.php HTTP/2" 200 72 "-" "Mozilla/5.0 (Macintosh; Intel Mac OS X 10_15_7) AppleWebKit/537.36 (KHTML, like Gecko) Chrome/120.0.0.0 Safari/537.36"
83.142.55.217 - - [12/Jun/2026:00:32:51 +0000] "POST /wp-content/plugins/seo-1781089791/config-1781089791.php HTTP/2" 200 121 "-" "Mozilla/5.0 (Macintosh; Intel Mac OS X 10_15_7) AppleWebKit/537.36 (KHTML, like Gecko) Chrome/120.0.0.0 Safari/537.36"
83.142.55.217 - - [12/Jun/2026:00:32:52 +0000] "POST /wp-content/plugins/seo-1781089791/config-1781089791.php HTTP/2" 200 63 "-" "Mozilla/5.0 (Macintosh; Intel Mac OS X 10_15_7) AppleWebKit/537.36 (KHTML, like Gecko) Chrome/120.0.0.0 Safari/537.36"
83.142.55.217 - - [12/Jun/2026:00:32:53 +0000] "POST /wp-content/plugins/seo-1781089791/config-1781089791.php HTTP/2" 200 108 "-" "Mozilla/5.0 (Macintosh; Intel Mac OS X 10_15_7) AppleWebKit/537.36 (KHTML, like Gecko) Chrome/120.0.0.0 Safari/537.36"
198.38.90.91 - - [12/Jun/2026:00:32:57 +0000] "POST /wp-cron.php?doing_wp_cron=1781224377.6850910186767578125000 HTTP/1.1" 200 0 "-" "WordPress/7.0; https://autlimited.co.uk"
51.36.175.12 - - [12/Jun/2026:00:32:57 +0000] "GET / HTTP/1.1" 200 15781 "-" "Mozilla/5.0 (Windows NT 10.0; Win64; x64) AppleWebKit/537.36 (KHTML, like Gecko) Chrome/120.0.0.0 Safari/537.36"
83.142.55.217 - - [12/Jun/2026:00:32:58 +0000] "POST /wp-content/plugins/seo-1781089791/config-1781089791.php HTTP/2" 200 77 "-" "Mozilla/5.0 (Macintosh; Intel Mac OS X 10_15_7) AppleWebKit/537.36 (KHTML, like Gecko) Chrome/120.0.0.0 Safari/537.36"
83.142.55.217 - - [12/Jun/2026:00:32:58 +0000] "POST /wp-content/plugins/seo-1781089791/config-1781089791.php HTTP/2" 200 51 "-" "Mozilla/5.0 (Macintosh; Intel Mac OS X 10_15_7) AppleWebKit/537.36 (KHTML, like Gecko) Chrome/120.0.0.0 Safari/537.36"
83.142.55.217 - - [12/Jun/2026:00:32:59 +0000] "POST /wp-content/plugins/seo-1781089791/config-1781089791.php HTTP/2" 200 70 "-" "Mozilla/5.0 (Macintosh; Intel Mac OS X 10_15_7) AppleWebKit/537.36 (KHTML, like Gecko) Chrome/120.0.0.0 Safari/537.36"
83.142.55.217 - - [12/Jun/2026:00:33:00 +0000] "POST /wp-content/plugins/seo-1781089791/config-1781089791.php HTTP/2" 200 44 "-" "Mozilla/5.0 (Macintosh; Intel Mac OS X 10_15_7) AppleWebKit/537.36 (KHTML, like Gecko) Chrome/120.0.0.0 Safari/537.36"
78.28.83.165 - - [12/Jun/2026:00:33:00 +0000] "GET /wp-login.php HTTP/1.1" 200 2054 "-" "Mozilla/5.0 (Windows NT 10.0; Win64; x64) AppleWebKit/537.36 (KHTML, like Gecko) Chrome/120.0.0.0 Safari/537.36"
78.28.83.165 - - [12/Jun/2026:00:33:02 +0000] "POST /wp-login.php HTTP/1.1" 302 0 "https://autlimited.co.uk/wp-login.php" "Mozilla/5.0 (Windows NT 10.0; Win64; x64) AppleWebKit/537.36 (KHTML, like Gecko) Chrome/120.0.0.0 Safari/537.36"
78.28.83.165 - - [12/Jun/2026:00:33:03 +0000] "GET /wp-login.php?redirect_to=https://autlimited.co.uk/wp-admin/&action=confirm_admin_email&wp_lang=en_US HTTP/1.1" 200 1419 "https://autlimited.co.uk/wp-login.php" "Mozilla/5.0 (Windows NT 10.0; Win64; x64) AppleWebKit/537.36 (KHTML, like Gecko) Chrome/120.0.0.0 Safari/537.36"
78.28.83.165 - - [12/Jun/2026:00:33:04 +0000] "GET /wp-admin/ HTTP/1.1" 200 27045 "-" "Mozilla/5.0 (Windows NT 10.0; Win64; x64) AppleWebKit/537.36 (KHTML, like Gecko) Chrome/120.0.0.0 Safari/537.36"
78.28.83.165 - - [12/Jun/2026:00:33:06 +0000] "GET /wp-admin/post-new.php HTTP/1.1" 200 89544 "-" "Mozilla/5.0 (Windows NT 10.0; Win64; x64) AppleWebKit/537.36 (KHTML, like Gecko) Chrome/120.0.0.0 Safari/537.36"
78.28.83.165 - - [12/Jun/2026:00:33:07 +0000] "POST /xmlrpc.php HTTP/1.1" 403 1242 "-" "WordPress/5.0; https://autlimited.co.uk"
78.28.83.165 - - [12/Jun/2026:00:33:08 +0000] "GET /wp-admin/admin-ajax.php?action=rest-nonce HTTP/1.1" 200 30 "-" "Mozilla/5.0 (Windows NT 10.0; Win64; x64) AppleWebKit/537.36 (KHTML, like Gecko) Chrome/120.0.0.0 Safari/537.36"
78.28.83.165 - - [12/Jun/2026:00:33:10 +0000] "GET /wp-json/wp/v2/plugins HTTP/1.1" 200 3036 "-" "Mozilla/5.0 (Windows NT 10.0; Win64; x64) AppleWebKit/537.36 (KHTML, like Gecko) Chrome/120.0.0.0 Safari/537.36"
78.28.83.165 - - [12/Jun/2026:00:33:11 +0000] "GET /wp-json/wp/v2/settings HTTP/1.1" 200 318 "-" "Mozilla/5.0 (Windows NT 10.0; Win64; x64) AppleWebKit/537.36 (KHTML, like Gecko) Chrome/120.0.0.0 Safari/537.36"
78.28.83.165 - - [12/Jun/2026:00:33:12 +0000] "GET /wp-json/wp/v2/pages/12 HTTP/1.1" 200 3983 "-" "Mozilla/5.0 (Windows NT 10.0; Win64; x64) AppleWebKit/537.36 (KHTML, like Gecko) Chrome/120.0.0.0 Safari/537.36"
78.28.83.165 - - [12/Jun/2026:00:33:13 +0000] "POST /wp-json/wp/v2/pages/12 HTTP/1.1" 200 4410 "-" "Mozilla/5.0 (Windows NT 10.0; Win64; x64) AppleWebKit/537.36 (KHTML, like Gecko) Chrome/120.0.0.0 Safari/537.36"
176.88.38.44 - - [12/Jun/2026:00:33:18 +0000] "GET /?page_id=12 HTTP/1.1" 301 0 "-" "Mozilla/5.0 (Windows NT 10.0; Win64; x64) AppleWebKit/537.36 (KHTML, like Gecko) Chrome/120.0.0.0 Safari/537.36"
176.88.38.44 - - [12/Jun/2026:00:33:19 +0000] "GET / HTTP/1.1" 200 18805 "-" "Mozilla/5.0 (Windows NT 10.0; Win64; x64) AppleWebKit/537.36 (KHTML, like Gecko) Chrome/120.0.0.0 Safari/537.36"
198.38.90.91 - - [12/Jun/2026:01:20:04 +0000] "POST /wp-cron.php?doing_wp_cron=1781227204.6257209777832031250000 HTTP/1.1" 200 0 "-" "WordPress/7.0; https://autlimited.co.uk"
38.43.203.180 - - [12/Jun/2026:01:20:03 +0000] "GET / HTTP/1.1" 200 15800 "-" "Mozilla/5.0 (Windows NT 10.0; Win64; x64) AppleWebKit/537.36 (KHTML, like Gecko) Chrome/120.0.0.0 Safari/537.36"
216.10.217.62 - - [12/Jun/2026:01:20:06 +0000] "GET / HTTP/1.1" 200 15800 "-" "Mozilla/5.0 (Windows NT 10.0; Win64; x64) AppleWebKit/537.36 (KHTML, like Gecko) Chrome/120.0.0.0 Safari/537.36"
191.92.68.199 - - [12/Jun/2026:01:20:06 +0000] "GET /wp-login.php HTTP/1.1" 200 2054 "-" "Mozilla/5.0 (Windows NT 10.0; Win64; x64) AppleWebKit/537.36 (KHTML, like Gecko) Chrome/120.0.0.0 Safari/537.36"
191.92.68.199 - - [12/Jun/2026:01:20:07 +0000] "POST /wp-login.php HTTP/1.1" 302 0 "https://autlimited.co.uk/wp-login.php" "Mozilla/5.0 (Windows NT 10.0; Win64; x64) AppleWebKit/537.36 (KHTML, like Gecko) Chrome/120.0.0.0 Safari/537.36"
191.92.68.199 - - [12/Jun/2026:01:20:08 +0000] "GET /wp-login.php?redirect_to=https://autlimited.co.uk/wp-admin/&action=confirm_admin_email&wp_lang=en_US HTTP/1.1" 200 1420 "https://autlimited.co.uk/wp-login.php" "Mozilla/5.0 (Windows NT 10.0; Win64; x64) AppleWebKit/537.36 (KHTML, like Gecko) Chrome/120.0.0.0 Safari/537.36"
115.135.27.89 - - [12/Jun/2026:01:20:09 +0000] "GET /wp-login.php HTTP/1.1" 200 2054 "-" "Mozilla/5.0 (Windows NT 10.0; Win64; x64) AppleWebKit/537.36 (KHTML, like Gecko) Chrome/120.0.0.0 Safari/537.36"
115.135.27.89 - - [12/Jun/2026:01:20:10 +0000] "POST /wp-login.php HTTP/1.1" 302 0 "https://autlimited.co.uk/wp-login.php" "Mozilla/5.0 (Windows NT 10.0; Win64; x64) AppleWebKit/537.36 (KHTML, like Gecko) Chrome/120.0.0.0 Safari/537.36"
115.135.27.89 - - [12/Jun/2026:01:20:11 +0000] "GET /wp-login.php?redirect_to=https://autlimited.co.uk/wp-admin/&action=confirm_admin_email&wp_lang=en_US HTTP/1.1" 200 1420 "https://autlimited.co.uk/wp-login.php" "Mozilla/5.0 (Windows NT 10.0; Win64; x64) AppleWebKit/537.36 (KHTML, like Gecko) Chrome/120.0.0.0 Safari/537.36"
103.89.25.136 - - [12/Jun/2026:01:20:11 +0000] "GET /wp-admin/ HTTP/1.1" 200 27021 "-" "Mozilla/5.0 (Windows NT 10.0; Win64; x64) AppleWebKit/537.36 (KHTML, like Gecko) Chrome/120.0.0.0 Safari/537.36"
115.135.27.89 - - [12/Jun/2026:01:20:12 +0000] "GET /wp-admin/ HTTP/1.1" 200 27035 "-" "Mozilla/5.0 (Windows NT 10.0; Win64; x64) AppleWebKit/537.36 (KHTML, like Gecko) Chrome/120.0.0.0 Safari/537.36"
103.89.25.136 - - [12/Jun/2026:01:20:12 +0000] "GET /wp-admin/post-new.php HTTP/1.1" 200 89464 "-" "Mozilla/5.0 (Windows NT 10.0; Win64; x64) AppleWebKit/537.36 (KHTML, like Gecko) Chrome/120.0.0.0 Safari/537.36"
115.135.27.89 - - [12/Jun/2026:01:20:13 +0000] "GET /wp-admin/post-new.php HTTP/1.1" 200 89555 "-" "Mozilla/5.0 (Windows NT 10.0; Win64; x64) AppleWebKit/537.36 (KHTML, like Gecko) Chrome/120.0.0.0 Safari/537.36"
103.89.25.136 - - [12/Jun/2026:01:20:14 +0000] "POST /xmlrpc.php HTTP/1.1" 403 1242 "-" "WordPress/5.0; https://autlimited.co.uk"
103.89.25.136 - - [12/Jun/2026:01:20:15 +0000] "GET /wp-admin/admin-ajax.php?action=rest-nonce HTTP/1.1" 200 30 "-" "Mozilla/5.0 (Windows NT 10.0; Win64; x64) AppleWebKit/537.36 (KHTML, like Gecko) Chrome/120.0.0.0 Safari/537.36"
115.135.27.89 - - [12/Jun/2026:01:20:16 +0000] "POST /xmlrpc.php HTTP/1.1" 403 1242 "-" "WordPress/5.0; https://autlimited.co.uk"
103.89.25.136 - - [12/Jun/2026:01:20:16 +0000] "GET /wp-json/wp/v2/plugins HTTP/1.1" 200 3036 "-" "Mozilla/5.0 (Windows NT 10.0; Win64; x64) AppleWebKit/537.36 (KHTML, like Gecko) Chrome/120.0.0.0 Safari/537.36"
115.135.27.89 - - [12/Jun/2026:01:20:17 +0000] "GET /wp-admin/admin-ajax.php?action=rest-nonce HTTP/1.1" 200 30 "-" "Mozilla/5.0 (Windows NT 10.0; Win64; x64) AppleWebKit/537.36 (KHTML, like Gecko) Chrome/120.0.0.0 Safari/537.36"
115.135.27.89 - - [12/Jun/2026:01:20:17 +0000] "GET /wp-json/wp/v2/plugins HTTP/1.1" 200 3030 "-" "Mozilla/5.0 (Windows NT 10.0; Win64; x64) AppleWebKit/537.36 (KHTML, like Gecko) Chrome/120.0.0.0 Safari/537.36"
103.89.25.136 - - [12/Jun/2026:01:20:18 +0000] "GET /wp-json/wp/v2/settings HTTP/1.1" 200 318 "-" "Mozilla/5.0 (Windows NT 10.0; Win64; x64) AppleWebKit/537.36 (KHTML, like Gecko) Chrome/120.0.0.0 Safari/537.36"
115.135.27.89 - - [12/Jun/2026:01:20:18 +0000] "GET /wp-json/wp/v2/settings HTTP/1.1" 200 318 "-" "Mozilla/5.0 (Windows NT 10.0; Win64; x64) AppleWebKit/537.36 (KHTML, like Gecko) Chrome/120.0.0.0 Safari/537.36"
103.89.25.136 - - [12/Jun/2026:01:20:19 +0000] "GET /wp-json/wp/v2/pages/12 HTTP/1.1" 200 3997 "-" "Mozilla/5.0 (Windows NT 10.0; Win64; x64) AppleWebKit/537.36 (KHTML, like Gecko) Chrome/120.0.0.0 Safari/537.36"
115.135.27.89 - - [12/Jun/2026:01:20:19 +0000] "GET /wp-json/wp/v2/pages/12 HTTP/1.1" 200 3997 "-" "Mozilla/5.0 (Windows NT 10.0; Win64; x64) AppleWebKit/537.36 (KHTML, like Gecko) Chrome/120.0.0.0 Safari/537.36"
103.89.25.136 - - [12/Jun/2026:01:20:20 +0000] "POST /wp-json/wp/v2/pages/12 HTTP/1.1" 200 4506 "-" "Mozilla/5.0 (Windows NT 10.0; Win64; x64) AppleWebKit/537.36 (KHTML, like Gecko) Chrome/120.0.0.0 Safari/537.36"
189.28.95.162 - - [12/Jun/2026:01:20:27 +0000] "GET /?page_id=12 HTTP/1.1" 301 0 "-" "Mozilla/5.0 (Windows NT 10.0; Win64; x64) AppleWebKit/537.36 (KHTML, like Gecko) Chrome/120.0.0.0 Safari/537.36"
189.28.95.162 - - [12/Jun/2026:01:20:28 +0000] "GET / HTTP/1.1" 200 18917 "-" "Mozilla/5.0 (Windows NT 10.0; Win64; x64) AppleWebKit/537.36 (KHTML, like Gecko) Chrome/120.0.0.0 Safari/537.36"
94.205.71.103 - - [12/Jun/2026:01:20:38 +0000] "POST /wp-json/rankmath/v1/updateMeta?_locale=user HTTP/1.1" 404 119 "-" "Mozilla/5.0 (Windows NT 10.0; Win64; x64) AppleWebKit/537.36 (KHTML, like Gecko) Chrome/120.0.0.0 Safari/537.36"
94.205.71.103 - - [12/Jun/2026:01:20:39 +0000] "POST /wp-json/wp/v2/pages/12?_locale=user HTTP/1.1" 200 4521 "-" "Mozilla/5.0 (Windows NT 10.0; Win64; x64) AppleWebKit/537.36 (KHTML, like Gecko) Chrome/120.0.0.0 Safari/537.36"
187.205.191.185 - - [12/Jun/2026:01:20:44 +0000] "GET /?page_id=12 HTTP/1.1" 301 0 "-" "Mozilla/5.0 (Windows NT 10.0; Win64; x64) AppleWebKit/537.36 (KHTML, like Gecko) Chrome/120.0.0.0 Safari/537.36"
187.205.191.185 - - [12/Jun/2026:01:20:44 +0000] "GET / HTTP/1.1" 200 18927 "-" "Mozilla/5.0 (Windows NT 10.0; Win64; x64) AppleWebKit/537.36 (KHTML, like Gecko) Chrome/120.0.0.0 Safari/537.36"
66.249.79.198 - - [12/Jun/2026:01:34:15 +0000] "GET /robots.txt HTTP/1.1" 200 6726 "-" "Mozilla/5.0 (compatible; Googlebot/2.1; +http://www.google.com/bot.html)"
66.249.79.196 - - [12/Jun/2026:01:35:35 +0000] "GET /2025/12/16/bovendien-de-bonussen-bij-turbo-wins-voor-loyale-spelers/ HTTP/1.1" 200 6726 "-" "Mozilla/5.0 (Linux; Android 6.0.1; Nexus 5X Build/MMB29P) AppleWebKit/537.36 (KHTML, like Gecko) Chrome/148.0.7778.96 Mobile Safari/537.36 (compatible; Googlebot/2.1; +http://www.google.com/bot.html)"
198.38.90.91 - - [12/Jun/2026:01:38:50 +0000] "POST /wp-cron.php?doing_wp_cron=1781228329.9514989852905273437500 HTTP/1.1" 200 0 "-" "WordPress/7.0; https://autlimited.co.uk"
66.249.79.196 - - [12/Jun/2026:01:38:49 +0000] "GET /2026/01/16/hoe-zit-het-met-de-uitbetalingspercentages-bij-foxy-gold-casino/ HTTP/1.1" 200 6726 "-" "Mozilla/5.0 (Linux; Android 6.0.1; Nexus 5X Build/MMB29P) AppleWebKit/537.36 (KHTML, like Gecko) Chrome/148.0.7778.96 Mobile Safari/537.36 (compatible; Googlebot/2.1; +http://www.google.com/bot.html)"
198.38.90.91 - - [12/Jun/2026:01:42:11 +0000] "POST /wp-cron.php?doing_wp_cron=1781228531.8931119441986083984375 HTTP/1.1" 200 0 "-" "WordPress/7.0; https://autlimited.co.uk"
84.7.98.181 - - [12/Jun/2026:01:42:11 +0000] "GET / HTTP/1.1" 200 15928 "-" "Mozilla/5.0 (Windows NT 10.0; Win64; x64) AppleWebKit/537.36 (KHTML, like Gecko) Chrome/120.0.0.0 Safari/537.36"
103.35.156.175 - - [12/Jun/2026:01:42:15 +0000] "GET /wp-login.php HTTP/1.1" 200 2054 "-" "Mozilla/5.0 (Windows NT 10.0; Win64; x64) AppleWebKit/537.36 (KHTML, like Gecko) Chrome/120.0.0.0 Safari/537.36"
103.35.156.175 - - [12/Jun/2026:01:42:16 +0000] "POST /wp-login.php HTTP/1.1" 302 0 "https://autlimited.co.uk/wp-login.php" "Mozilla/5.0 (Windows NT 10.0; Win64; x64) AppleWebKit/537.36 (KHTML, like Gecko) Chrome/120.0.0.0 Safari/537.36"
103.35.156.175 - - [12/Jun/2026:01:42:17 +0000] "GET /wp-login.php?redirect_to=https://autlimited.co.uk/wp-admin/&action=confirm_admin_email&wp_lang=en_US HTTP/1.1" 200 1421 "https://autlimited.co.uk/wp-login.php" "Mozilla/5.0 (Windows NT 10.0; Win64; x64) AppleWebKit/537.36 (KHTML, like Gecko) Chrome/120.0.0.0 Safari/537.36"
103.35.156.175 - - [12/Jun/2026:01:42:17 +0000] "GET /wp-admin/ HTTP/1.1" 200 27050 "-" "Mozilla/5.0 (Windows NT 10.0; Win64; x64) AppleWebKit/537.36 (KHTML, like Gecko) Chrome/120.0.0.0 Safari/537.36"
103.35.156.175 - - [12/Jun/2026:01:42:19 +0000] "GET /wp-admin/post-new.php HTTP/1.1" 200 89535 "-" "Mozilla/5.0 (Windows NT 10.0; Win64; x64) AppleWebKit/537.36 (KHTML, like Gecko) Chrome/120.0.0.0 Safari/537.36"
103.35.156.175 - - [12/Jun/2026:01:42:21 +0000] "POST /xmlrpc.php HTTP/1.1" 403 1242 "-" "WordPress/5.0; https://autlimited.co.uk"
103.35.156.175 - - [12/Jun/2026:01:42:22 +0000] "GET /wp-admin/admin-ajax.php?action=rest-nonce HTTP/1.1" 200 30 "-" "Mozilla/5.0 (Windows NT 10.0; Win64; x64) AppleWebKit/537.36 (KHTML, like Gecko) Chrome/120.0.0.0 Safari/537.36"
103.35.156.175 - - [12/Jun/2026:01:42:23 +0000] "GET /wp-json/wp/v2/plugins HTTP/1.1" 200 3030 "-" "Mozilla/5.0 (Windows NT 10.0; Win64; x64) AppleWebKit/537.36 (KHTML, like Gecko) Chrome/120.0.0.0 Safari/537.36"
103.35.156.175 - - [12/Jun/2026:01:42:25 +0000] "GET /wp-json/wp/v2/settings HTTP/1.1" 200 318 "-" "Mozilla/5.0 (Windows NT 10.0; Win64; x64) AppleWebKit/537.36 (KHTML, like Gecko) Chrome/120.0.0.0 Safari/537.36"
103.35.156.175 - - [12/Jun/2026:01:42:26 +0000] "GET /wp-json/wp/v2/pages/12 HTTP/1.1" 200 4106 "-" "Mozilla/5.0 (Windows NT 10.0; Win64; x64) AppleWebKit/537.36 (KHTML, like Gecko) Chrome/120.0.0.0 Safari/537.36"
103.35.156.175 - - [12/Jun/2026:01:42:27 +0000] "POST /wp-json/wp/v2/pages/12 HTTP/1.1" 200 4540 "-" "Mozilla/5.0 (Windows NT 10.0; Win64; x64) AppleWebKit/537.36 (KHTML, like Gecko) Chrome/120.0.0.0 Safari/537.36"
188.133.2.121 - - [12/Jun/2026:01:42:32 +0000] "GET /?page_id=12 HTTP/1.1" 301 0 "-" "Mozilla/5.0 (Windows NT 10.0; Win64; x64) AppleWebKit/537.36 (KHTML, like Gecko) Chrome/120.0.0.0 Safari/537.36"
188.133.2.121 - - [12/Jun/2026:01:42:33 +0000] "GET / HTTP/1.1" 200 18939 "-" "Mozilla/5.0 (Windows NT 10.0; Win64; x64) AppleWebKit/537.36 (KHTML, like Gecko) Chrome/120.0.0.0 Safari/537.36"
196.81.96.96 - - [12/Jun/2026:01:42:59 +0000] "GET / HTTP/1.1" 200 15931 "-" "Mozilla/5.0 (Windows NT 10.0; Win64; x64) AppleWebKit/537.36 (KHTML, like Gecko) Chrome/120.0.0.0 Safari/537.36"
177.137.82.12 - - [12/Jun/2026:01:43:01 +0000] "GET /wp-login.php HTTP/1.1" 200 2054 "-" "Mozilla/5.0 (Windows NT 10.0; Win64; x64) AppleWebKit/537.36 (KHTML, like Gecko) Chrome/120.0.0.0 Safari/537.36"
177.137.82.12 - - [12/Jun/2026:01:43:01 +0000] "POST /wp-login.php HTTP/1.1" 302 0 "https://autlimited.co.uk/wp-login.php" "Mozilla/5.0 (Windows NT 10.0; Win64; x64) AppleWebKit/537.36 (KHTML, like Gecko) Chrome/120.0.0.0 Safari/537.36"
177.137.82.12 - - [12/Jun/2026:01:43:02 +0000] "GET /wp-login.php?redirect_to=https://autlimited.co.uk/wp-admin/&action=confirm_admin_email&wp_lang=en_US HTTP/1.1" 200 1422 "https://autlimited.co.uk/wp-login.php" "Mozilla/5.0 (Windows NT 10.0; Win64; x64) AppleWebKit/537.36 (KHTML, like Gecko) Chrome/120.0.0.0 Safari/537.36"
177.23.55.171 - - [12/Jun/2026:01:43:07 +0000] "GET /wp-admin/ HTTP/1.1" 200 27034 "-" "Mozilla/5.0 (Windows NT 10.0; Win64; x64) AppleWebKit/537.36 (KHTML, like Gecko) Chrome/120.0.0.0 Safari/537.36"
177.23.55.171 - - [12/Jun/2026:01:43:08 +0000] "GET /wp-admin/post-new.php HTTP/1.1" 200 89523 "-" "Mozilla/5.0 (Windows NT 10.0; Win64; x64) AppleWebKit/537.36 (KHTML, like Gecko) Chrome/120.0.0.0 Safari/537.36"
177.23.55.171 - - [12/Jun/2026:01:43:09 +0000] "POST /xmlrpc.php HTTP/1.1" 403 1242 "-" "WordPress/5.0; https://autlimited.co.uk"
177.23.55.171 - - [12/Jun/2026:01:43:09 +0000] "GET /wp-admin/admin-ajax.php?action=rest-nonce HTTP/1.1" 200 30 "-" "Mozilla/5.0 (Windows NT 10.0; Win64; x64) AppleWebKit/537.36 (KHTML, like Gecko) Chrome/120.0.0.0 Safari/537.36"
177.23.55.171 - - [12/Jun/2026:01:43:10 +0000] "GET /wp-json/wp/v2/plugins HTTP/1.1" 200 3036 "-" "Mozilla/5.0 (Windows NT 10.0; Win64; x64) AppleWebKit/537.36 (KHTML, like Gecko) Chrome/120.0.0.0 Safari/537.36"
177.23.55.171 - - [12/Jun/2026:01:43:11 +0000] "GET /wp-json/wp/v2/settings HTTP/1.1" 200 318 "-" "Mozilla/5.0 (Windows NT 10.0; Win64; x64) AppleWebKit/537.36 (KHTML, like Gecko) Chrome/120.0.0.0 Safari/537.36"
